 + 7. Calculate the highest common factor of z and m.
7
Let o = 403 + -208. Calculate the greatest common factor of 39 and o.
39
Let g = 25 + -19. Suppose -636 = -3*y + g*y. Let k = y + 356. Calculate the greatest common divisor of 18 and k.
18
Let r be (-152)/(-36) + (-4)/18. Let q be (3 + -8)*(-176)/10. Suppose -r*d = -56 - q. Calculate the greatest common divisor of 4 and d.
4
Suppose 0 = -13*g + 557 - 11. Calculate the greatest common divisor of 189 and g.
21
Suppose 0*j + 26 = j. Suppose -d - 4*l = -18, 41 = d - l + 13. Calculate the highest common factor of j and d.
26
Suppose -4*j + 272 = -276. Let a = -77 + j. Suppose -19*c = -545 - 25. Calculate the highest common factor of c and a.
30
Suppose -w = -3*v + 2554, 2*w - 390 = 2*v - 2090. What is the highest common divisor of v and 48?
12
Let w be -2*5/(-2)*1. Suppose -44 + 344 = w*s. Let v = 1 - -14. What is the highest common factor of s and v?
15
Let f be (-2)/(-2*3/24). Let a be (-138)/(-24) - (-2)/f. What is the highest common factor of a and 66?
6
Let d be ((-34)/(-4))/((-74)/(-11544)). What is the greatest common factor of 78 and d?
78
Suppose 0 = -34*x - 10247 + 56827. What is the highest common divisor of x and 10?
10
Suppose -n + 18 = -14. Suppose -n + 452 = 3*x. What is the highest common factor of x and 20?
20
Suppose 11*p - 280 = -3*p. Let q = 361 + -221. Calculate the greatest common factor of q and p.
20
Let o(h) = h**2 - 6*h - 19. Let y be o(11). Let x be 2 - 0/(3/(-3)). Let z = x + 7. Calculate the greatest common factor of y and z.
9
Suppose 309*i = 299*i + 3740. What is the highest common factor of 22 and i?
22
Let r(k) be the first derivative of -k**4/4 - 20*k**3/3 - k**2 - 13*k - 16. Let v be r(-20). Calculate the highest common divisor of v and 297.
27
Let g be 0/1 - 0 - (-743 - -213). What is the highest common divisor of 10 and g?
10
Let p be ((-27)/(-2))/3*4. Suppose p*d - 16*d - 120 = 0. Calculate the highest common factor of 75 and d.
15
Let u = -958 - -1111. What is the highest common factor of u and 18?
9
Let p = -286 - -681. Suppose -p = 5*h + 4*m, 140 = -2*h - 2*m + 4*m. Let z = 119 + h. Calculate the highest common divisor of 4 and z.
4
Let n = 592 - 480. Calculate the highest common factor of n and 144.
16
Suppose -4*a + 6440 = -3040. Let i be a/27 + (-2)/(-9). Let o(y) = -y**3 + 5*y**2 + 2*y - 2. Let x be o(4). What is the greatest common divisor of x and i?
22
Let k(o) = -3*o + 7. Let s = -2 - -9. Let c(m) = -m. Let a be c(s). Let n be k(a). What is the greatest common divisor of 224 and n?
28
Let r(j) = -j**3 - 5*j**2 + 30*j + 36. Let y be r(-9). What is the greatest common factor of 405 and y?
45
Let q be -2*(846/(-24))/(15/70). Calculate the greatest common factor of q and 7.
7
Let b be (-70)/(-4) + (-3)/6. Let c = 139 + -71. Suppose 2*d = 34 + c. Calculate the greatest common divisor of b and d.
17
Let y be (3 + 1)*(-6)/(-8). Suppose 10 = -y*j - 2. Let x be j + (-1 - -3) - -62. Calculate the greatest common factor of x and 24.
12
Let z = 19 - 1. Let y be 4/z - (3 - 160/9). Calculate the greatest common factor of y and 165.
15
Suppose 45*q = 44*q + 9 - 1. Let k(b) = -18*b - 4. Let t be k(-6). Calculate the highest common divisor of t and q.
8
Let d = 302 - 185. Calculate the greatest common divisor of d and 65.
13
Suppose -4*r = r - 25. Suppose r*a + 5*a = 1440. Calculate the highest common divisor of a and 18.
18
Suppose 0 = 22*q - 16467 - 11561. Calculate the greatest common divisor of q and 52.
26
Let q = -12 - -8. Let l = q - -23. Let b = -201 + 372. What is the highest common factor of l and b?
19
Suppose 2*l + f + 9 = 0, -2*l + 3*f + 0*f + 11 = 0. Let d be (16 + -13)/((-3)/l). Suppose d*c + 42 = 330. Calculate the highest common divisor of c and 16.
16
Let y = 562 + -446. Calculate the highest common divisor of y and 348.
116
Let d = -9 + 27. Suppose -8*t + 1067 = 59. Calculate the highest common factor of d and t.
18
Let j be (8/(-16))/(2/(-312)). Suppose -j = -2*o - 24. What is the greatest common divisor of 243 and o?
27
Let l be -5 + (111 - (3 - -4)). Calculate the highest common divisor of 77 and l.
11
Suppose 0 = -5*r + 9*r - 16. Suppose -i = 7 - r, -i = -m + 70. Suppose -m = -8*b + 3*b + 4*c, 3*b - 2*c = 41. What is the greatest common factor of b and 30?
15
Let j(b) = 7*b**2 - 23*b + 100. Let q be j(5). What is the greatest common divisor of q and 560?
80
Let u be -4 + (-266)/(-63) + 3639/27. Calculate the greatest common factor of 18 and u.
9
Let i be 72*(-3 + (-1)/((-8)/30)). Calculate the highest common factor of i and 12.
6
Suppose 3*t = y + 13, y - 4*t = -8 - 10. Suppose y*q + 34 = 3*q. Calculate the greatest common factor of 306 and q.
34
Let a = -16 + 10. Let f = 3 - a. Let y = -4451 + 4523. Calculate the greatest common divisor of f and y.
9
Let i be ((-32)/20)/((-2)/(-5)). Let f be (-1)/i + (-196)/16. Let q be ((-6)/(-18))/((-1)/f). Calculate the highest common divisor of q and 28.
4
Suppose -43 = -i + 97. What is the highest common factor of 56 and i?
28
Suppose 2*x - 140 = 3*o - 951, -514 = -2*o - 4*x. Let g = -186 + o. What is the greatest common factor of 9 and g?
9
Let z = 1431 - 1301. Suppose 230 = 5*p - 30. What is the greatest common factor of z and p?
26
Let j(v) = 4*v - 8. Let k be j(4). Let i be (k/10)/(12/30). Let m(a) = 30*a**2 - a + 2. Let q be m(i). What is the highest common divisor of 15 and q?
15
Suppose -z + 5*s = -0*s - 265, 0 = 4*z + 4*s - 1132. Calculate the greatest common factor of z and 112.
56
Suppose -2*r - 19 = -2*l - 7, -4*l + 16 = 4*r. Suppose 4*i - l*i = -180. Let m(p) = 10*p + 80. Let j be m(-6). Calculate the greatest common factor of j and i.
20
Let g = 30 + -18. Let r be (-1 + 3)*138/g. Calculate the greatest common factor of r and 23.
23
Let k = -673 - -694. What is the highest common divisor of 1134 and k?
21
Let b = -4 + 6. Suppose -b*k = -4*c - 84, -2*k + 52 = 4*c - 0*c. Let z = 76 - k. Calculate the highest common factor of 63 and z.
21
Let c(l) = 365*l + 563. Let k be c(9). What is the highest common divisor of k and 104?
104
Suppose 0 = -6*t - 52 + 322. What is the greatest common divisor of t and 36?
9
Suppose 0 = z - 8 + 6. Suppose -z*d + 0*d = 2*l - 58, 4*l - 83 = -3*d. Calculate the greatest common divisor of d and 44.
11
Let t be 12/10 - (-158991)/1695. Suppose 54 = 2*w + 4*s, 5*w + 4*s = s + 107. What is the highest common factor of t and w?
19
Let a = -43 - -43. Let r be (34 - 2) + a + 0. What is the greatest common factor of 32 and r?
32
Let x be (20/(-8) - -3)/((-1)/(-720)). Suppose -o + 5*o = x. What is the greatest common divisor of o and 10?
10
Suppose 0 = -u - c - 5 + 15, -3*c = 0. Suppose u*k + 60 = 600. Calculate the greatest common factor of k and 72.
18
Suppose 87*j - 3180 = 34*j. Calculate the greatest common divisor of 48 and j.
12
Let b(c) = 7*c**2 + 79*c - 49. Let j be b(-15). Calculate the greatest common factor of 62 and j.
31
Let h = -163 + 191. What is the greatest common divisor of h and 224?
28
Let l(x) = 9*x**2 - 4*x + 4. Let c be l(5). Suppose 3*b + 3 - 60 = 0. Calculate the highest common divisor of b and c.
19
Suppose -10*b - 27 - 13 = 0. Let i be (-438)/b - -3 - (-5)/(-10). Calculate the highest common divisor of i and 14.
14
Let s(f) = 24*f**2 - 2. Let y be s(1). What is the greatest common factor of y and 55?
11
Suppose -437*n + 432*n = -2555. Calculate the highest common factor of n and 7.
7
Let o = 1518 - 1167. Calculate the highest common factor of 624 and o.
39
Suppose 0 = -11*x + 322 + 118. What is the highest common divisor of x and 160?
40
Let b be 10 - (4/4)/1. Suppose 2*h = 17 + b. What is the highest common factor of 65 and h?
13
Let q(v) = v**2 - 2*v. Let i be q(-2). Suppose -2*g + 16 = -i. Suppose -121769 = 37*h - 121917. Calculate the greatest common factor of h and g.
4
Suppose -3*p - 60 = 3*p. Suppose -5*a - 2*k = -95, -2*a = 4*k - 41 - 13. Let w = a + p. What is the greatest common factor of 21 and w?
7
Suppose u - 45 = -4*u. Let p be u/(-4)*(-32)/12. Let a = 11 - p. What is the highest common divisor of 35 and a?
5
Suppose -2*i + i - 15 = 0. Let x = i + 14. Let l be (-3)/(3/x)*24. What is the highest common divisor of 16 and l?
8
Suppose 3*h + 6*x - 1866 = 0, -136*h + 139*h - 1894 = x. What is the greatest common divisor of 560 and 